 79, 3167
What are the prime factors of 58381804?
2, 13, 31, 36217
List the prime factors of 224588929.
853, 263293
What are the prime factors of 1320981252?
2, 3, 37, 2975183
List the prime factors of 599478505.
5, 139, 862559
What are the prime factors of 1110531270?
2, 3, 5, 149, 248441
List the prime factors of 419151420.
2, 3, 5, 2328619
What are the prime factors of 20274580?
2, 5, 1013729
What are the prime factors of 1590676252?
2, 11, 199, 181667
What are the prime factors of 25185671?
7, 31, 277, 419
What are the prime factors of 112591526?
2, 3779, 14897
What are the prime factors of 371535388?
2, 7, 131, 199, 509
What are the prime factors of 108814640?
2, 5, 11, 123653
What are the prime factors of 238016156?
2, 7, 8500577
List the prime factors of 68974770.
2, 3, 5, 2299159
List the prime factors of 92451145.
5, 23, 31, 25933
What are the prime factors of 580830351?
3, 6907, 28031
List the prime factors of 3238343366.
2, 461, 3512303
List the prime factors of 43791216.
2, 3, 7, 47, 59
What are the prime factors of 525435455?
5, 151, 397, 1753
What are the prime factors of 54876497?
13, 29, 11197
What are the prime factors of 2572620704?
2, 307, 853
List the prime factors of 18420762.
2, 3, 3070127
List the prime factors of 39786712.
2, 7, 491, 1447
What are the prime factors of 103893702?
2, 3, 11, 673, 2339
What are the prime factors of 4081278?
2, 3, 680213
What are the prime factors of 635296236?
2, 3, 19, 107, 26041
List the prime factors of 191446275.
3, 5, 47, 54311
List the prime factors of 732482847.
3, 81386983
What are the prime factors of 81383803?
81383803
What are the prime factors of 504604878?
2, 3, 47, 251, 7129
List the prime factors of 4890246039.
3, 7, 23, 3374911
What are the prime factors of 244423139?
23, 1213, 8761
List the prime factors of 5263042284.
2, 3, 83, 587131
What are the prime factors of 9601212?
2, 3, 23, 43, 809
What are the prime factors of 1295620696?
2, 31, 5224277
What are the prime factors of 65778281?
65778281
What are the prime factors of 124473421?
59, 107, 19717
List the prime factors of 261908345.
5, 5839, 8971
What are the prime factors of 11534894?
2, 7, 117703
List the prime factors of 69054848.
2, 79, 6829
What are the prime factors of 701180?
2, 5, 35059
What are the prime factors of 1837688109?
3, 23, 47, 89, 6367
What are the prime factors of 56616219?
3, 11, 19, 79, 127
List the prime factors of 21286167.
3, 7, 1013627
What are the prime factors of 41190190?
2, 5, 307, 13417
List the prime factors of 47508224.
2, 151, 1229
List the prime factors of 478400249.
307, 1558307
What are the prime factors of 364517041?
7, 23, 2264081
What are the prime factors of 68316417?
3, 13, 23, 53, 479
What are the prime factors of 139947965?
5, 41, 682673
What are the prime factors of 812887055?
5, 5659, 28729
What are the prime factors of 99749758?
2, 23, 2168473
List the prime factors of 248514538.
2, 31, 233, 17203
What are the prime factors of 74668200?
2, 3, 5, 124447
What are the prime factors of 23544432?
2, 3, 37, 491
What are the prime factors of 31978585?
5, 383, 16699
List the prime factors of 141328451.
11, 12848041
What are the prime factors of 56180257?
7, 17, 472103
What are the prime factors of 2579252324?
2, 11, 58619371
List the prime factors of 1555281242.
2, 777640621
What are the prime factors of 343355549?
127, 2703587
What are the prime factors of 26488158?
2, 3, 1319, 3347
List the prime factors of 43449433.
17, 37, 67, 1031
List the prime factors of 925557792.
2, 3, 17, 19, 1571
List the prime factors of 178228961.
178228961
List the prime factors of 140029079.
140029079
What are the prime factors of 95247581?
11, 13, 666067
What are the prime factors of 3848204530?
2, 5, 31, 83, 149561
List the prime factors of 68848797.
3, 223, 102913
What are the prime factors of 24815042?
2, 7, 43, 41221
List the prime factors of 398468626.
2, 199234313
List the prime factors of 41304961.
29, 173, 8233
List the prime factors of 101570564.
2, 25392641
List the prime factors of 5655618185.
5, 7, 19, 1033, 8233
What are the prime factors of 232558315?
5, 11, 2003, 2111
List the prime factors of 211600912.
2, 179, 73883
What are the prime factors of 113594188?
2, 28398547
What are the prime factors of 4563508910?
2, 5, 456350891
List the prime factors of 822166788.
2, 3, 37, 1851727
What are the prime factors of 44243483?
61, 725303
List the prime factors of 797906162.
2, 79, 5050039
What are the prime factors of 3326599632?
2, 3, 191, 491, 739
What are the prime factors of 46273381?
7, 11, 79, 7607
What are the prime factors of 1266457186?
2, 389, 1627837
What are the prime factors of 137651524?
2, 487, 70663
List the prime factors of 505681125.
3, 5, 1348483
List the prime factors of 412429640.
2, 5, 7, 1472963
What are the prime factors of 298306054?
2, 79, 787, 2399
What are the prime factors of 114670505?
5, 22934101
What are the prime factors of 34117105?
5, 11, 620311
List the prime factors of 2749335087.
3, 61, 113, 132953
List the prime factors of 58307776.
2, 31, 29389
List the prime factors of 616003865.
5, 487, 252979
List the prime factors of 66880824.
2, 3, 43, 229, 283
What are the prime factors of 111454741?
19, 5866039
List the prime factors of 95920188.
2, 3, 7, 13, 17, 5167
List the prime factors of 132229989.
3, 1632469
What are the prime factors of 70300537?
2663, 26399
List the prime factors of 372170020.
2, 5, 113, 164677
List the prime factors of 88978975.
5, 71, 50129
List the prime factors of 97455980.
2, 5, 79, 61681
What are the prime factors of 945446473?
22303, 42391
What are the prime factors of 4323949037?
31, 1747, 79841
List the prime factors of 6676603398.
2, 3, 1151, 322261
What are the prime factors of 213466409?
13, 2579, 6367
List the prime factors of 1405711031.
101, 139, 100129
List the prime factors of 697441028.
2, 174360257
What are the prime factors of 90729028?
2, 13, 19, 131, 701
List the prime factors of 813533252.
2, 7, 53, 293, 1871
List the prime factors of 538625847.
3, 2671, 67219
List the prime factors of 4836994540.
2, 5, 7, 19, 1818419
List the prime factors of 3716376790.
2, 5, 7, 3947, 13451
List the prime factors of 537431425.
5, 21497257
What are the prime factors of 77117980?
2, 5, 113, 34123
What are the prime factors of 139561782?
2, 3, 647, 35951
List the prime factors of 363785842.
2, 7, 25984703
What are the prime factors of 62492745?
3, 5, 7, 31, 73, 263
List the prime factors of 4770686038.
2, 31, 76946549
List the prime factors of 13681353.
3, 7, 43, 109, 139
List the prime factors of 39605671.
7, 19, 2239
List the prime factors of 114467241.
3, 7, 5450821
What are the prime factors of 15868242?
2, 3, 13, 17, 3989
List the prime factors of 31056008.
2, 17, 228353
List the prime factors of 1970223985.
5, 239, 1648723
List the prime factors of 1320296774.
2, 67, 9852961
List the prime factors of 3488172180.
2, 3, 5, 23, 107, 23623
What are the prime factors of 223497293?
223497293
What are the prime factors of 38559716?
2, 13, 57041
List the prime factors of 235352938.
2, 3583, 32843
List the prime factors of 10073688.
2, 3, 421, 997
List the prime factors of 2042437948.
2, 227, 2249381
List the prime factors of 333827917.
947, 352511
List the prime factors of 1150538372.
2, 287634593
List the prime factors of 847493779.
11, 31, 2485319
List the prime factors of 2058723045.
3, 5, 45749401
List the prime factors of 621405780.
2, 3, 5, 61, 169783
What are the prime factors of 875082515?
5, 61, 2869123
List the prime factors of 2421590982.
2, 3, 403598497
List the prime factors of 69823582.
2, 34911791
What are the prime factors of 127361048?
2, 15920131
What are the prime factors of 4641383684?
2, 7, 2399, 9871
List the prime factors of 1742587144.
2, 217823393
What are the prime factors of 4415801461?
4415801461
List the prime factors of 187649386.
2, 31, 109, 27767
What are the prime factors of 783286261?
783286261
What are the prime factors of 49454947?
29, 353, 4831
What are the prime factors of 5973544?
2, 101, 7393
List the prime factors of 490779729.
3, 11, 37, 14887
List the prime factors of 345952712.
2, 7, 47, 131441
What are the prime factors of 82432771?
563, 146417
List the prime factors of 132461941.
83